{"id":1481,"date":"2015-03-23T13:16:51","date_gmt":"2015-03-23T12:16:51","guid":{"rendered":"http:\/\/www.artbarcelona.es\/circuit\/?page_id=1481"},"modified":"2018-05-16T16:16:06","modified_gmt":"2018-05-16T15:16:06","slug":"politica-de-privacitat","status":"publish","type":"page","link":"https:\/\/www.artbarcelona.es\/circuit\/politica-de-privacitat\/","title":{"rendered":"Pol\u00edtica de privacitat"},"content":{"rendered":"<p>Art Barcelona \u2013 Associaci\u00f3 de galeries es compromet a respectar la vostra privacitat i a no recollir dades personals sobre individus (nom, adre\u00e7a i\/o correu electr\u00f2nic), excepte en els casos en qu\u00e8 es demanin expl\u00edcitament i comptin amb l\u2019acord expr\u00e9s dels usuaris. La pol\u00edtica de privacitat nom\u00e9s s&#8217;aplica a <a href=\"http:\/\/www.artbarcelona.es\">www.artbarcelona.es<\/a> i <a href=\"http:\/\/www.barcelonagalleryweekend.com\">www.barcelonagalleryweekend.com<\/a> i en queda excl\u00f2s qualsevol altre lloc web.<\/p>\n<p>Art Barcelona \u2013 Associaci\u00f3 de galeries \u00a0tracta les dades dels seus usuaris segons el que preveuen la Llei Org\u00e0nica 15\/1999, de 13 de desembre, de protecci\u00f3 de dades de car\u00e0cter personal, i la resta de normativa aplicable. Art Barcelona \u2013 Associaci\u00f3 de galeries es compromet a no compartir amb cap altra entitat o organitzaci\u00f3 les dades dels usuaris, ni a fer-ne un \u00fas comercial.<\/p>\n<p>Igualment, el Art Barcelona \u2013 Associaci\u00f3 de galeries i en compliment de l&#8217;article 5 de LOPD, us informa que en qualsevol moment podeu exercir els drets d&#8217;acc\u00e9s, rectificaci\u00f3, cancel\u00b7laci\u00f3 i\/o oposici\u00f3 respecte de les dades facilitades. En aquest sup\u00f2sit, caldr\u00e0 que adreceu la reclamaci\u00f3 al responsable del fitxer amb un missatge de correu electr\u00f2nic a l&#8217;adre\u00e7a\u00a0<a href=\"mailto:info@artbarcelona.es\">info@artbarcelona.es<\/a>\u00a0o mitjan\u00e7ant una carta al Art Barcelona \u2013 Associaci\u00f3 de galeries (Consell de Cent 315, entlo. 1\u00aa, 08007 Barcelona).<\/p>\n<p>El fet d\u2019utilitzar el lloc web d\u2019 Art Barcelona \u2013 Associaci\u00f3 de galeries o de comunicar-vos amb la associaci\u00f3 per correu electr\u00f2nic implica l\u2019acceptaci\u00f3 d&#8217;aquesta pol\u00edtica de privacitat<\/p>\n<h3>EL REGISTRE D&#8217;USUARIS<\/h3>\n<p>Tothom pot navegar i consultar <a href=\"http:\/\/www.artbarcelona.es\">www.artbarcelona.es<\/a> i <a href=\"http:\/\/www.barcelonagalleryweekend.com\">www.barcelonagalleryweekend.com<\/a> sense necessitat de registrar-se o d\u2019enviar cap informaci\u00f3 d&#8217;identificaci\u00f3 personal. No obstant aix\u00f2, per tal de tenir acc\u00e9s a certes opcions, com ara rebre el butllet\u00ed, cal registrar-se com a usuari.<\/p>\n<p>Si decidiu registrar-vos, se us demanar\u00e0 que proporcioneu informaci\u00f3 personal que pot incloure el nom i adre\u00e7a de correu electr\u00f2nic i, opcionalment, l\u2019organitzaci\u00f3 a qu\u00e8 pertanyeu i el c\u00e0rrec que desenvolupeu en aquesta.<\/p>\n<p>Si us heu registrat per rebre el butllet\u00ed, sempre podeu accedir i rectificar o donar de baixa les vostres dades a possant-vos en contacte amb\u00a0<a href=\"mailto:info@artbarcelona.es\">info@artbarcelona.es<\/a>.<\/p>\n<h3>CORREU ELECTR\u00d2NIC<\/h3>\n<p>Art Barcelona \u2013 Associaci\u00f3 de galeries tracta de contestar les consultes que arriben per correu electr\u00f2nic en una setmana. Si el vostre missatge arriba a un departament equivocat, es reenvia al departament corresponent. Qualsevol missatge, material, informaci\u00f3 comercial, idees, conceptes o altra informaci\u00f3 enviada a Art Barcelona \u2013Associaci\u00f3 de galeries per correu electr\u00f2nic es tractaran com a no confidencials i no subjectes a la propietat intel\u00b7lectual. La vostra adre\u00e7a de correu electr\u00f2nic no ser\u00e0 utilitzada per a cap altre prop\u00f2sit, excepte el de respondre la vostra consulta o petici\u00f3.<\/p>\n<h3>CANVIS EN LA POL\u00cdTICA DE PRIVACITAT<\/h3>\n<p><a href=\"http:\/\/www.artbarcelona.es\">www.artbarcelona.es<\/a> i <a href=\"http:\/\/www.barcelonagalleryweekend.com\">www.barcelonagalleryweekend.com<\/a> poden modificar la seva pol\u00edtica de privacitat en qualsevol moment. Si visiteu aquestes p\u00e0gines peri\u00f2dicament, podreu revisar la nostra pol\u00edtica actual, i aix\u00ed mantenir-vos informats sobre quina informaci\u00f3 recollim i com podem utilitzar-la.<\/p>\n<h3>ENLLA\u00c7OS DE TERCERS<\/h3>\n<p><a href=\"http:\/\/www.artbarcelona.es\">www.artbarcelona.es<\/a> i <a href=\"http:\/\/www.barcelonagalleryweekend.com\">www.barcelonagalleryweekend.com<\/a>\u00a0 contenen enlla\u00e7os a altres llocs d&#8217;internet. Animem tots els nostres socis, col\u00b7laboradors i tercers a aplicar les pol\u00edtiques i pr\u00e0ctiques que respectin la privacitat dels nostres usuaris. No obstant aix\u00f2, Art Barcelona \u2013 Associaci\u00f3 de galeries no es fa responsable de les pr\u00e0ctiques de privacitat o el contingut d&#8217;aquestes p\u00e0gines web.<\/p>\n<h3>TRANSFER\u00c8NCIES INTERNACIONALS:<\/h3>\n<p>En la mesura en qu\u00e8 la Llei de Protecci\u00f3 de Dades ho permeti i despr\u00e9s de complir les condicions corresponents per al tractament i\/o transfer\u00e8ncia de dades personals, la seva informaci\u00f3 personal podria emmagatzemar-se i processar-se a un altre pa\u00eds on tinguem prove\u00efdors de serveis. Quan la Llei de Protecci\u00f3 de Dades ho permeti, entenem que en usar els nostres llocs web est\u00e0 conforme i ens autoritza per dur a terme la transfer\u00e8ncia d&#8217;informaci\u00f3 personal a pa\u00efsos diferents del seu pa\u00eds de resid\u00e8ncia, inclosos els Estats Units, que podrien comptar amb normes de protecci\u00f3 de dades diferents d&#8217;aquelles del seu pa\u00eds i\/o legislaci\u00f3 no equiparable. La transfer\u00e8ncia de les seves dades personals es duria a terme amb l&#8217;\u00fanica fi d&#8217;enviar-li publicitat i comunicacions relacionada amb els nostres productes i activitats.<\/p>\n<p>Si no est\u00e0 d&#8217;acord, no hauria de donar-se d&#8217;alta en els nostres llocs web, aplicacions i\/o mitjans\u00a0Socials ja que\u00a0la naturalesa dels seus serveis comporta impl\u00edcitament la necessitat de dur a terme les transfer\u00e8ncies internacionals de dades.<\/p>\n<p>Els usuaris que resideixin en la Uni\u00f3 Europea han de tenir en compte que la seva informaci\u00f3 personal pot transferir-se a pa\u00efsos i territoris fos de l&#8217;Espai Econ\u00f2mic Europeu segons all\u00f2 el dit abans.<\/p>\n","protected":false},"excerpt":{"rendered":"<p>Art Barcelona \u2013 Associaci\u00f3 de galeries es compromet a respectar la vostra privacitat i a no recollir dades personals sobre individus (nom, adre\u00e7a i\/o correu electr\u00f2nic), excepte en els casos en qu\u00e8 es demanin expl\u00edcitament i comptin amb l\u2019acord expr\u00e9s dels usuaris. La pol\u00edtica de privacitat nom\u00e9s s&#8217;aplica a www.artbarcelona.es i www.barcelonagalleryweekend.com i en queda [&hellip;]<\/p>\n","protected":false},"author":1,"featured_media":0,"parent":0,"menu_order":0,"comment_status":"open","ping_status":"open","template":"","meta":{"_acf_changed":false,"footnotes":""},"class_list":["post-1481","page","type-page","status-publish","hentry"],"yoast_head":"<!-- This site is optimized with the Yoast SEO plugin v27.0 - https:\/\/yoast.com\/product\/yoast-seo-wordpress\/ -->\n<title>Pol\u00edtica de privacitat - Circuit d\u2019Art Contemporani<\/title>\n<meta name=\"robots\" content=\"index, follow, max-snippet:-1, max-image-preview:large, max-video-preview:-1\" \/>\n<link rel=\"canonical\" href=\"https:\/\/www.artbarcelona.es\/circuit\/politica-de-privacitat\/\" \/>\n<meta property=\"og:locale\" content=\"ca_ES\" \/>\n<meta property=\"og:type\" content=\"article\" \/>\n<meta property=\"og:title\" content=\"Pol\u00edtica de privacitat - Circuit d\u2019Art Contemporani\" \/>\n<meta property=\"og:description\" content=\"Art Barcelona \u2013 Associaci\u00f3 de galeries es compromet a respectar la vostra privacitat i a no recollir dades personals sobre individus (nom, adre\u00e7a i\/o correu electr\u00f2nic), excepte en els casos en qu\u00e8 es demanin expl\u00edcitament i comptin amb l\u2019acord expr\u00e9s dels usuaris. La pol\u00edtica de privacitat nom\u00e9s s&#8217;aplica a www.artbarcelona.es i www.barcelonagalleryweekend.com i en queda [&hellip;]\" \/>\n<meta property=\"og:url\" content=\"https:\/\/www.artbarcelona.es\/circuit\/politica-de-privacitat\/\" \/>\n<meta property=\"og:site_name\" content=\"Circuit d\u2019Art Contemporani\" \/>\n<meta property=\"article:modified_time\" content=\"2018-05-16T15:16:06+00:00\" \/>\n<meta name=\"twitter:card\" content=\"summary_large_image\" \/>\n<meta name=\"twitter:label1\" content=\"Temps estimat de lectura\" \/>\n\t<meta name=\"twitter:data1\" content=\"4 minuts\" \/>\n<script type=\"application\/ld+json\" class=\"yoast-schema-graph\">{\"@context\":\"https:\/\/schema.org\",\"@graph\":[{\"@type\":\"WebPage\",\"@id\":\"https:\/\/www.artbarcelona.es\/circuit\/politica-de-privacitat\/\",\"url\":\"https:\/\/www.artbarcelona.es\/circuit\/politica-de-privacitat\/\",\"name\":\"Pol\u00edtica de privacitat - Circuit d\u2019Art Contemporani\",\"isPartOf\":{\"@id\":\"https:\/\/www.artbarcelona.es\/circuit\/en\/#website\"},\"datePublished\":\"2015-03-23T12:16:51+00:00\",\"dateModified\":\"2018-05-16T15:16:06+00:00\",\"breadcrumb\":{\"@id\":\"https:\/\/www.artbarcelona.es\/circuit\/politica-de-privacitat\/#breadcrumb\"},\"inLanguage\":\"ca\",\"potentialAction\":[{\"@type\":\"ReadAction\",\"target\":[\"https:\/\/www.artbarcelona.es\/circuit\/politica-de-privacitat\/\"]}]},{\"@type\":\"BreadcrumbList\",\"@id\":\"https:\/\/www.artbarcelona.es\/circuit\/politica-de-privacitat\/#breadcrumb\",\"itemListElement\":[{\"@type\":\"ListItem\",\"position\":1,\"name\":\"Inici\",\"item\":\"https:\/\/www.artbarcelona.es\/circuit\/\"},{\"@type\":\"ListItem\",\"position\":2,\"name\":\"Pol\u00edtica de privacitat\"}]},{\"@type\":\"WebSite\",\"@id\":\"https:\/\/www.artbarcelona.es\/circuit\/en\/#website\",\"url\":\"https:\/\/www.artbarcelona.es\/circuit\/en\/\",\"name\":\"Circuit d\u2019Art Contemporani\",\"description\":\"Altre lloc gestionat amb el WordPress\",\"potentialAction\":[{\"@type\":\"SearchAction\",\"target\":{\"@type\":\"EntryPoint\",\"urlTemplate\":\"https:\/\/www.artbarcelona.es\/circuit\/en\/?s={search_term_string}\"},\"query-input\":{\"@type\":\"PropertyValueSpecification\",\"valueRequired\":true,\"valueName\":\"search_term_string\"}}],\"inLanguage\":\"ca\"}]}<\/script>\n<!-- \/ Yoast SEO plugin. -->","yoast_head_json":{"title":"Pol\u00edtica de privacitat - Circuit d\u2019Art Contemporani","robots":{"index":"index","follow":"follow","max-snippet":"max-snippet:-1","max-image-preview":"max-image-preview:large","max-video-preview":"max-video-preview:-1"},"canonical":"https:\/\/www.artbarcelona.es\/circuit\/politica-de-privacitat\/","og_locale":"ca_ES","og_type":"article","og_title":"Pol\u00edtica de privacitat - Circuit d\u2019Art Contemporani","og_description":"Art Barcelona \u2013 Associaci\u00f3 de galeries es compromet a respectar la vostra privacitat i a no recollir dades personals sobre individus (nom, adre\u00e7a i\/o correu electr\u00f2nic), excepte en els casos en qu\u00e8 es demanin expl\u00edcitament i comptin amb l\u2019acord expr\u00e9s dels usuaris. La pol\u00edtica de privacitat nom\u00e9s s&#8217;aplica a www.artbarcelona.es i www.barcelonagalleryweekend.com i en queda [&hellip;]","og_url":"https:\/\/www.artbarcelona.es\/circuit\/politica-de-privacitat\/","og_site_name":"Circuit d\u2019Art Contemporani","article_modified_time":"2018-05-16T15:16:06+00:00","twitter_card":"summary_large_image","twitter_misc":{"Temps estimat de lectura":"4 minuts"},"schema":{"@context":"https:\/\/schema.org","@graph":[{"@type":"WebPage","@id":"https:\/\/www.artbarcelona.es\/circuit\/politica-de-privacitat\/","url":"https:\/\/www.artbarcelona.es\/circuit\/politica-de-privacitat\/","name":"Pol\u00edtica de privacitat - Circuit d\u2019Art Contemporani","isPartOf":{"@id":"https:\/\/www.artbarcelona.es\/circuit\/en\/#website"},"datePublished":"2015-03-23T12:16:51+00:00","dateModified":"2018-05-16T15:16:06+00:00","breadcrumb":{"@id":"https:\/\/www.artbarcelona.es\/circuit\/politica-de-privacitat\/#breadcrumb"},"inLanguage":"ca","potentialAction":[{"@type":"ReadAction","target":["https:\/\/www.artbarcelona.es\/circuit\/politica-de-privacitat\/"]}]},{"@type":"BreadcrumbList","@id":"https:\/\/www.artbarcelona.es\/circuit\/politica-de-privacitat\/#breadcrumb","itemListElement":[{"@type":"ListItem","position":1,"name":"Inici","item":"https:\/\/www.artbarcelona.es\/circuit\/"},{"@type":"ListItem","position":2,"name":"Pol\u00edtica de privacitat"}]},{"@type":"WebSite","@id":"https:\/\/www.artbarcelona.es\/circuit\/en\/#website","url":"https:\/\/www.artbarcelona.es\/circuit\/en\/","name":"Circuit d\u2019Art Contemporani","description":"Altre lloc gestionat amb el WordPress","potentialAction":[{"@type":"SearchAction","target":{"@type":"EntryPoint","urlTemplate":"https:\/\/www.artbarcelona.es\/circuit\/en\/?s={search_term_string}"},"query-input":{"@type":"PropertyValueSpecification","valueRequired":true,"valueName":"search_term_string"}}],"inLanguage":"ca"}]}},"acf":[],"_links":{"self":[{"href":"https:\/\/www.artbarcelona.es\/circuit\/wp-json\/wp\/v2\/pages\/1481","targetHints":{"allow":["GET"]}}],"collection":[{"href":"https:\/\/www.artbarcelona.es\/circuit\/wp-json\/wp\/v2\/pages"}],"about":[{"href":"https:\/\/www.artbarcelona.es\/circuit\/wp-json\/wp\/v2\/types\/page"}],"author":[{"embeddable":true,"href":"https:\/\/www.artbarcelona.es\/circuit\/wp-json\/wp\/v2\/users\/1"}],"replies":[{"embeddable":true,"href":"https:\/\/www.artbarcelona.es\/circuit\/wp-json\/wp\/v2\/comments?post=1481"}],"version-history":[{"count":4,"href":"https:\/\/www.artbarcelona.es\/circuit\/wp-json\/wp\/v2\/pages\/1481\/revisions"}],"predecessor-version":[{"id":6324,"href":"https:\/\/www.artbarcelona.es\/circuit\/wp-json\/wp\/v2\/pages\/1481\/revisions\/6324"}],"wp:attachment":[{"href":"https:\/\/www.artbarcelona.es\/circuit\/wp-json\/wp\/v2\/media?parent=1481"}],"curies":[{"name":"wp","href":"https:\/\/api.w.org\/{rel}","templated":true}]}}

Política de privacitat

<p>Art Barcelona – Associació de galeries es compromet a respectar la vostra privacitat i a no recollir dades personals sobre individus (nom, adreça i/o correu electrònic), excepte en els casos en què es demanin explícitament i comptin amb l’acord exprés dels usuaris. La política de privacitat només s&#8217;aplica a <a href="http://www.artbarcelona.es">www.artbarcelona.es</a> i <a href="http://www.barcelonagalleryweekend.com">www.barcelonagalleryweekend.com</a> i en queda exclòs qualsevol altre lloc web.</p>
<p>Art Barcelona – Associació de galeries  tracta les dades dels seus usuaris segons el que preveuen la Llei Orgànica 15/1999, de 13 de desembre, de protecció de dades de caràcter personal, i la resta de normativa aplicable. Art Barcelona – Associació de galeries es compromet a no compartir amb cap altra entitat o organització les dades dels usuaris, ni a fer-ne un ús comercial.</p>
<p>Igualment, el Art Barcelona – Associació de galeries i en compliment de l&#8217;article 5 de LOPD, us informa que en qualsevol moment podeu exercir els drets d&#8217;accés, rectificació, cancel·lació i/o oposició respecte de les dades facilitades. En aquest supòsit, caldrà que adreceu la reclamació al responsable del fitxer amb un missatge de correu electrònic a l&#8217;adreça <a href="mailto:info@artbarcelona.es">info@artbarcelona.es</a> o mitjançant una carta al Art Barcelona – Associació de galeries (Consell de Cent 315, entlo. 1ª, 08007 Barcelona).</p>
<p>El fet d’utilitzar el lloc web d’ Art Barcelona – Associació de galeries o de comunicar-vos amb la associació per correu electrònic implica l’acceptació d&#8217;aquesta política de privacitat</p>
<h3>EL REGISTRE D&#8217;USUARIS</h3>
<p>Tothom pot navegar i consultar <a href="http://www.artbarcelona.es">www.artbarcelona.es</a> i <a href="http://www.barcelonagalleryweekend.com">www.barcelonagalleryweekend.com</a> sense necessitat de registrar-se o d’enviar cap informació d&#8217;identificació personal. No obstant això, per tal de tenir accés a certes opcions, com ara rebre el butlletí, cal registrar-se com a usuari.</p>
<p>Si decidiu registrar-vos, se us demanarà que proporcioneu informació personal que pot incloure el nom i adreça de correu electrònic i, opcionalment, l’organització a què pertanyeu i el càrrec que desenvolupeu en aquesta.</p>
<p>Si us heu registrat per rebre el butlletí, sempre podeu accedir i rectificar o donar de baixa les vostres dades a possant-vos en contacte amb <a href="mailto:info@artbarcelona.es">info@artbarcelona.es</a>.</p>
<h3>CORREU ELECTRÒNIC</h3>
<p>Art Barcelona – Associació de galeries tracta de contestar les consultes que arriben per correu electrònic en una setmana. Si el vostre missatge arriba a un departament equivocat, es reenvia al departament corresponent. Qualsevol missatge, material, informació comercial, idees, conceptes o altra informació enviada a Art Barcelona –Associació de galeries per correu electrònic es tractaran com a no confidencials i no subjectes a la propietat intel·lectual. La vostra adreça de correu electrònic no serà utilitzada per a cap altre propòsit, excepte el de respondre la vostra consulta o petició.</p>
<h3>CANVIS EN LA POLÍTICA DE PRIVACITAT</h3>
<p><a href="http://www.artbarcelona.es">www.artbarcelona.es</a> i <a href="http://www.barcelonagalleryweekend.com">www.barcelonagalleryweekend.com</a> poden modificar la seva política de privacitat en qualsevol moment. Si visiteu aquestes pàgines periòdicament, podreu revisar la nostra política actual, i així mantenir-vos informats sobre quina informació recollim i com podem utilitzar-la.</p>
<h3>ENLLAÇOS DE TERCERS</h3>
<p><a href="http://www.artbarcelona.es">www.artbarcelona.es</a> i <a href="http://www.barcelonagalleryweekend.com">www.barcelonagalleryweekend.com</a>  contenen enllaços a altres llocs d&#8217;internet. Animem tots els nostres socis, col·laboradors i tercers a aplicar les polítiques i pràctiques que respectin la privacitat dels nostres usuaris. No obstant això, Art Barcelona – Associació de galeries no es fa responsable de les pràctiques de privacitat o el contingut d&#8217;aquestes pàgines web.</p>
<h3>TRANSFERÈNCIES INTERNACIONALS:</h3>
<p>En la mesura en què la Llei de Protecció de Dades ho permeti i després de complir les condicions corresponents per al tractament i/o transferència de dades personals, la seva informació personal podria emmagatzemar-se i processar-se a un altre país on tinguem proveïdors de serveis. Quan la Llei de Protecció de Dades ho permeti, entenem que en usar els nostres llocs web està conforme i ens autoritza per dur a terme la transferència d&#8217;informació personal a països diferents del seu país de residència, inclosos els Estats Units, que podrien comptar amb normes de protecció de dades diferents d&#8217;aquelles del seu país i/o legislació no equiparable. La transferència de les seves dades personals es duria a terme amb l&#8217;única fi d&#8217;enviar-li publicitat i comunicacions relacionada amb els nostres productes i activitats.</p>
<p>Si no està d&#8217;acord, no hauria de donar-se d&#8217;alta en els nostres llocs web, aplicacions i/o mitjans Socials ja que la naturalesa dels seus serveis comporta implícitament la necessitat de dur a terme les transferències internacionals de dades.</p>
<p>Els usuaris que resideixin en la Unió Europea han de tenir en compte que la seva informació personal pot transferir-se a països i territoris fos de l&#8217;Espai Econòmic Europeu segons allò el dit abans.</p>

<p>Art Barcelona – Associació de galeries es compromet a respectar la vostra privacitat i a no recollir dades personals sobre individus (nom, adreça i/o correu electrònic), excepte en els casos en què es demanin explícitament i comptin amb l’acord exprés dels usuaris. La política de privacitat només s&#8217;aplica a www.artbarcelona.es i www.barcelonagalleryweekend.com i en queda [&hellip;]</p>

<!-- This site is optimized with the Yoast SEO plugin v27.0 - https://yoast.com/product/yoast-seo-wordpress/ -->
<title>Política de privacitat - Circuit d’Art Contemporani</title>
<meta name="robots" content="index, follow, max-snippet:-1, max-image-preview:large, max-video-preview:-1" />
<link rel="canonical" href="https://www.artbarcelona.es/circuit/politica-de-privacitat/" />
<meta property="og:locale" content="ca_ES" />
<meta property="og:type" content="article" />
<meta property="og:title" content="Política de privacitat - Circuit d’Art Contemporani" />
<meta property="og:description" content="Art Barcelona – Associació de galeries es compromet a respectar la vostra privacitat i a no recollir dades personals sobre individus (nom, adreça i/o correu electrònic), excepte en els casos en què es demanin explícitament i comptin amb l’acord exprés dels usuaris. La política de privacitat només s&#8217;aplica a www.artbarcelona.es i www.barcelonagalleryweekend.com i en queda [&hellip;]" />
<meta property="og:url" content="https://www.artbarcelona.es/circuit/politica-de-privacitat/" />
<meta property="og:site_name" content="Circuit d’Art Contemporani" />
<meta property="article:modified_time" content="2018-05-16T15:16:06+00:00" />
<meta name="twitter:card" content="summary_large_image" />
<meta name="twitter:label1" content="Temps estimat de lectura" />
	<meta name="twitter:data1" content="4 minuts" />
<script type="application/ld+json" class="yoast-schema-graph">{"@context":"https://schema.org","@graph":[{"@type":"WebPage","@id":"https://www.artbarcelona.es/circuit/politica-de-privacitat/","url":"https://www.artbarcelona.es/circuit/politica-de-privacitat/","name":"Política de privacitat - Circuit d’Art Contemporani","isPartOf":{"@id":"https://www.artbarcelona.es/circuit/en/#website"},"datePublished":"2015-03-23T12:16:51+00:00","dateModified":"2018-05-16T15:16:06+00:00","breadcrumb":{"@id":"https://www.artbarcelona.es/circuit/politica-de-privacitat/#breadcrumb"},"inLanguage":"ca","potentialAction":[{"@type":"ReadAction","target":["https://www.artbarcelona.es/circuit/politica-de-privacitat/"]}]},{"@type":"BreadcrumbList","@id":"https://www.artbarcelona.es/circuit/politica-de-privacitat/#breadcrumb","itemListElement":[{"@type":"ListItem","position":1,"name":"Inici","item":"https://www.artbarcelona.es/circuit/"},{"@type":"ListItem","position":2,"name":"Política de privacitat"}]},{"@type":"WebSite","@id":"https://www.artbarcelona.es/circuit/en/#website","url":"https://www.artbarcelona.es/circuit/en/","name":"Circuit d’Art Contemporani","description":"Altre lloc gestionat amb el WordPress","potentialAction":[{"@type":"SearchAction","target":{"@type":"EntryPoint","urlTemplate":"https://www.artbarcelona.es/circuit/en/?s={search_term_string}"},"query-input":{"@type":"PropertyValueSpecification","valueRequired":true,"valueName":"search_term_string"}}],"inLanguage":"ca"}]}</script>
<!-- / Yoast SEO plugin. -->

Política de privacitat - Circuit d’Art Contemporani

Art Barcelona – Associació de galeries es compromet a respectar la vostra privacitat i a no recollir dades personals sobre individus (nom, adreça i/o correu electrònic), excepte en els casos en què es demanin explícitament i comptin amb l’acord exprés dels usuaris. La política de privacitat només s&#8217;aplica a www.artbarcelona.es i www.barcelonagalleryweekend.com i en queda [&hellip;]
