{"id":7378,"date":"2020-11-04T10:02:36","date_gmt":"2020-11-04T09:02:36","guid":{"rendered":"http:\/\/www.artbarcelona.es\/?post_type=place&#038;p=7378"},"modified":"2024-10-30T13:25:58","modified_gmt":"2024-10-30T12:25:58","slug":"galeria-alegria","status":"publish","type":"place","link":"https:\/\/www.artbarcelona.es\/en\/place\/galeria-alegria\/","title":{"rendered":"Galer\u00eda Alegr\u00eda"},"content":{"rendered":"<p>Galer\u00eda Alegr\u00eda opened in Barcelona in 2011 as an exhibition project, far from the commercial circuits. Our first steps were guided by the sole desire to support and give visibility to artists with a free, generous and challenging attitude.<\/p>\n<p>In 2013, the gallery moved to Madrid for the next seven years. During this time we developed and consolidated our exhibition program, focusing on early and mid-career artists, and introduced ourselves to the national and international art fair circuit.<\/p>\n<p>Since 2020, we are back in our hometown and we settled in an ex industrial unit, which spaces have been renovated and redesigned to provide optimal conditions for artists to exhibit their work and to serve as a space for mutual growth.<\/p>\n<p>REPRESENTED ARTISTS:<br \/>\nChechu \u00c1lava, Mai Blanco, Breza Cecchini, Enrico Della Torre, Jorge Diezma, Bobby Dowler, Robbin Heyker, Thomas Kiesewetter, Matthew Musgrave, Alberto Peral, Humberto Poblete-Bustamante, Stefan Rinck, David Roth, Ken Sortais and Lolo &amp; Sosaku.<\/p>\n","protected":false},"featured_media":8760,"parent":0,"menu_order":0,"template":"","zone_place":[97],"class_list":["post-7378","place","type-place","status-publish","has-post-thumbnail","hentry","zone_place-lhospitalet-en"],"yoast_head":"<!-- This site is optimized with the Yoast SEO plugin v27.0 - https:\/\/yoast.com\/product\/yoast-seo-wordpress\/ -->\n<title>Galer\u00eda Alegr\u00eda - ArtBarcelona.<\/title>\n<meta name=\"robots\" content=\"index, follow, max-snippet:-1, max-image-preview:large, max-video-preview:-1\" \/>\n<link rel=\"canonical\" href=\"https:\/\/www.artbarcelona.es\/en\/place\/galeria-alegria\/\" \/>\n<meta property=\"og:locale\" content=\"en_US\" \/>\n<meta property=\"og:type\" content=\"article\" \/>\n<meta property=\"og:title\" content=\"Galer\u00eda Alegr\u00eda - ArtBarcelona.\" \/>\n<meta property=\"og:description\" content=\"Galer\u00eda Alegr\u00eda opened in Barcelona in 2011 as an exhibition project, far from the commercial circuits. Our first steps were guided by the sole desire to support and give visibility...\" \/>\n<meta property=\"og:url\" content=\"https:\/\/www.artbarcelona.es\/en\/place\/galeria-alegria\/\" \/>\n<meta property=\"og:site_name\" content=\"ArtBarcelona.\" \/>\n<meta property=\"article:modified_time\" content=\"2024-10-30T12:25:58+00:00\" \/>\n<meta property=\"og:image\" content=\"http:\/\/www.artbarcelona.es\/wp-content\/uploads\/2020\/11\/ArtBarcelona-galeria-alegria.jpg\" \/>\n\t<meta property=\"og:image:width\" content=\"1981\" \/>\n\t<meta property=\"og:image:height\" content=\"1321\" \/>\n\t<meta property=\"og:image:type\" content=\"image\/jpeg\" \/>\n<meta name=\"twitter:card\" content=\"summary_large_image\" \/>\n<meta name=\"twitter:label1\" content=\"Est. reading time\" \/>\n\t<meta name=\"twitter:data1\" content=\"1 minute\" \/>\n<script type=\"application\/ld+json\" class=\"yoast-schema-graph\">{\"@context\":\"https:\/\/schema.org\",\"@graph\":[{\"@type\":\"WebPage\",\"@id\":\"https:\/\/www.artbarcelona.es\/en\/place\/galeria-alegria\/\",\"url\":\"https:\/\/www.artbarcelona.es\/en\/place\/galeria-alegria\/\",\"name\":\"Galer\u00eda Alegr\u00eda - ArtBarcelona.\",\"isPartOf\":{\"@id\":\"https:\/\/www.artbarcelona.es\/#website\"},\"primaryImageOfPage\":{\"@id\":\"https:\/\/www.artbarcelona.es\/en\/place\/galeria-alegria\/#primaryimage\"},\"image\":{\"@id\":\"https:\/\/www.artbarcelona.es\/en\/place\/galeria-alegria\/#primaryimage\"},\"thumbnailUrl\":\"https:\/\/www.artbarcelona.es\/wp-content\/uploads\/2020\/11\/ArtBarcelona-galeria-alegria.jpg\",\"datePublished\":\"2020-11-04T09:02:36+00:00\",\"dateModified\":\"2024-10-30T12:25:58+00:00\",\"breadcrumb\":{\"@id\":\"https:\/\/www.artbarcelona.es\/en\/place\/galeria-alegria\/#breadcrumb\"},\"inLanguage\":\"en-US\",\"potentialAction\":[{\"@type\":\"ReadAction\",\"target\":[\"https:\/\/www.artbarcelona.es\/en\/place\/galeria-alegria\/\"]}]},{\"@type\":\"ImageObject\",\"inLanguage\":\"en-US\",\"@id\":\"https:\/\/www.artbarcelona.es\/en\/place\/galeria-alegria\/#primaryimage\",\"url\":\"https:\/\/www.artbarcelona.es\/wp-content\/uploads\/2020\/11\/ArtBarcelona-galeria-alegria.jpg\",\"contentUrl\":\"https:\/\/www.artbarcelona.es\/wp-content\/uploads\/2020\/11\/ArtBarcelona-galeria-alegria.jpg\",\"width\":1981,\"height\":1321,\"caption\":\"ArtBarcelona galeria alegria barcelona\"},{\"@type\":\"BreadcrumbList\",\"@id\":\"https:\/\/www.artbarcelona.es\/en\/place\/galeria-alegria\/#breadcrumb\",\"itemListElement\":[{\"@type\":\"ListItem\",\"position\":1,\"name\":\"Portada\",\"item\":\"https:\/\/www.artbarcelona.es\/en\/\"},{\"@type\":\"ListItem\",\"position\":2,\"name\":\"Galeries\",\"item\":\"https:\/\/www.artbarcelona.es\/espai\/\"},{\"@type\":\"ListItem\",\"position\":3,\"name\":\"Galer\u00eda Alegr\u00eda\"}]},{\"@type\":\"WebSite\",\"@id\":\"https:\/\/www.artbarcelona.es\/#website\",\"url\":\"https:\/\/www.artbarcelona.es\/\",\"name\":\"ArtBarcelona.\",\"description\":\"ArtBarcelona. Galeries. Descobrir, difondre, defensar l\u2019art contemporani.\",\"publisher\":{\"@id\":\"https:\/\/www.artbarcelona.es\/#organization\"},\"potentialAction\":[{\"@type\":\"SearchAction\",\"target\":{\"@type\":\"EntryPoint\",\"urlTemplate\":\"https:\/\/www.artbarcelona.es\/?s={search_term_string}\"},\"query-input\":{\"@type\":\"PropertyValueSpecification\",\"valueRequired\":true,\"valueName\":\"search_term_string\"}}],\"inLanguage\":\"en-US\"},{\"@type\":\"Organization\",\"@id\":\"https:\/\/www.artbarcelona.es\/#organization\",\"name\":\"ArtBarcelona.\",\"url\":\"https:\/\/www.artbarcelona.es\/\",\"logo\":{\"@type\":\"ImageObject\",\"inLanguage\":\"en-US\",\"@id\":\"https:\/\/www.artbarcelona.es\/#\/schema\/logo\/image\/\",\"url\":\"https:\/\/www.artbarcelona.es\/wp-content\/uploads\/2024\/08\/logo-artb.svg\",\"contentUrl\":\"https:\/\/www.artbarcelona.es\/wp-content\/uploads\/2024\/08\/logo-artb.svg\",\"width\":139,\"height\":51,\"caption\":\"ArtBarcelona.\"},\"image\":{\"@id\":\"https:\/\/www.artbarcelona.es\/#\/schema\/logo\/image\/\"}}]}<\/script>\n<!-- \/ Yoast SEO plugin. -->","yoast_head_json":{"title":"Galer\u00eda Alegr\u00eda - ArtBarcelona.","robots":{"index":"index","follow":"follow","max-snippet":"max-snippet:-1","max-image-preview":"max-image-preview:large","max-video-preview":"max-video-preview:-1"},"canonical":"https:\/\/www.artbarcelona.es\/en\/place\/galeria-alegria\/","og_locale":"en_US","og_type":"article","og_title":"Galer\u00eda Alegr\u00eda - ArtBarcelona.","og_description":"Galer\u00eda Alegr\u00eda opened in Barcelona in 2011 as an exhibition project, far from the commercial circuits. Our first steps were guided by the sole desire to support and give visibility...","og_url":"https:\/\/www.artbarcelona.es\/en\/place\/galeria-alegria\/","og_site_name":"ArtBarcelona.","article_modified_time":"2024-10-30T12:25:58+00:00","og_image":[{"width":1981,"height":1321,"url":"http:\/\/www.artbarcelona.es\/wp-content\/uploads\/2020\/11\/ArtBarcelona-galeria-alegria.jpg","type":"image\/jpeg"}],"twitter_card":"summary_large_image","twitter_misc":{"Est. reading time":"1 minute"},"schema":{"@context":"https:\/\/schema.org","@graph":[{"@type":"WebPage","@id":"https:\/\/www.artbarcelona.es\/en\/place\/galeria-alegria\/","url":"https:\/\/www.artbarcelona.es\/en\/place\/galeria-alegria\/","name":"Galer\u00eda Alegr\u00eda - ArtBarcelona.","isPartOf":{"@id":"https:\/\/www.artbarcelona.es\/#website"},"primaryImageOfPage":{"@id":"https:\/\/www.artbarcelona.es\/en\/place\/galeria-alegria\/#primaryimage"},"image":{"@id":"https:\/\/www.artbarcelona.es\/en\/place\/galeria-alegria\/#primaryimage"},"thumbnailUrl":"https:\/\/www.artbarcelona.es\/wp-content\/uploads\/2020\/11\/ArtBarcelona-galeria-alegria.jpg","datePublished":"2020-11-04T09:02:36+00:00","dateModified":"2024-10-30T12:25:58+00:00","breadcrumb":{"@id":"https:\/\/www.artbarcelona.es\/en\/place\/galeria-alegria\/#breadcrumb"},"inLanguage":"en-US","potentialAction":[{"@type":"ReadAction","target":["https:\/\/www.artbarcelona.es\/en\/place\/galeria-alegria\/"]}]},{"@type":"ImageObject","inLanguage":"en-US","@id":"https:\/\/www.artbarcelona.es\/en\/place\/galeria-alegria\/#primaryimage","url":"https:\/\/www.artbarcelona.es\/wp-content\/uploads\/2020\/11\/ArtBarcelona-galeria-alegria.jpg","contentUrl":"https:\/\/www.artbarcelona.es\/wp-content\/uploads\/2020\/11\/ArtBarcelona-galeria-alegria.jpg","width":1981,"height":1321,"caption":"ArtBarcelona galeria alegria barcelona"},{"@type":"BreadcrumbList","@id":"https:\/\/www.artbarcelona.es\/en\/place\/galeria-alegria\/#breadcrumb","itemListElement":[{"@type":"ListItem","position":1,"name":"Portada","item":"https:\/\/www.artbarcelona.es\/en\/"},{"@type":"ListItem","position":2,"name":"Galeries","item":"https:\/\/www.artbarcelona.es\/espai\/"},{"@type":"ListItem","position":3,"name":"Galer\u00eda Alegr\u00eda"}]},{"@type":"WebSite","@id":"https:\/\/www.artbarcelona.es\/#website","url":"https:\/\/www.artbarcelona.es\/","name":"ArtBarcelona.","description":"ArtBarcelona. Galeries. Descobrir, difondre, defensar l\u2019art contemporani.","publisher":{"@id":"https:\/\/www.artbarcelona.es\/#organization"},"potentialAction":[{"@type":"SearchAction","target":{"@type":"EntryPoint","urlTemplate":"https:\/\/www.artbarcelona.es\/?s={search_term_string}"},"query-input":{"@type":"PropertyValueSpecification","valueRequired":true,"valueName":"search_term_string"}}],"inLanguage":"en-US"},{"@type":"Organization","@id":"https:\/\/www.artbarcelona.es\/#organization","name":"ArtBarcelona.","url":"https:\/\/www.artbarcelona.es\/","logo":{"@type":"ImageObject","inLanguage":"en-US","@id":"https:\/\/www.artbarcelona.es\/#\/schema\/logo\/image\/","url":"https:\/\/www.artbarcelona.es\/wp-content\/uploads\/2024\/08\/logo-artb.svg","contentUrl":"https:\/\/www.artbarcelona.es\/wp-content\/uploads\/2024\/08\/logo-artb.svg","width":139,"height":51,"caption":"ArtBarcelona."},"image":{"@id":"https:\/\/www.artbarcelona.es\/#\/schema\/logo\/image\/"}}]}},"_links":{"self":[{"href":"https:\/\/www.artbarcelona.es\/en\/wp-json\/wp\/v2\/places\/7378","targetHints":{"allow":["GET"]}}],"collection":[{"href":"https:\/\/www.artbarcelona.es\/en\/wp-json\/wp\/v2\/places"}],"about":[{"href":"https:\/\/www.artbarcelona.es\/en\/wp-json\/wp\/v2\/types\/place"}],"wp:featuredmedia":[{"embeddable":true,"href":"https:\/\/www.artbarcelona.es\/en\/wp-json\/wp\/v2\/media\/8760"}],"wp:attachment":[{"href":"https:\/\/www.artbarcelona.es\/en\/wp-json\/wp\/v2\/media?parent=7378"}],"wp:term":[{"taxonomy":"zone_place","embeddable":true,"href":"https:\/\/www.artbarcelona.es\/en\/wp-json\/wp\/v2\/zone_place?post=7378"}],"curies":[{"name":"wp","href":"https:\/\/api.w.org\/{rel}","templated":true}]}}

Galería Alegría

<p>Galería Alegría opened in Barcelona in 2011 as an exhibition project, far from the commercial circuits. Our first steps were guided by the sole desire to support and give visibility to artists with a free, generous and challenging attitude.</p>
<p>In 2013, the gallery moved to Madrid for the next seven years. During this time we developed and consolidated our exhibition program, focusing on early and mid-career artists, and introduced ourselves to the national and international art fair circuit.</p>
<p>Since 2020, we are back in our hometown and we settled in an ex industrial unit, which spaces have been renovated and redesigned to provide optimal conditions for artists to exhibit their work and to serve as a space for mutual growth.</p>
<p>REPRESENTED ARTISTS:<br />
Chechu Álava, Mai Blanco, Breza Cecchini, Enrico Della Torre, Jorge Diezma, Bobby Dowler, Robbin Heyker, Thomas Kiesewetter, Matthew Musgrave, Alberto Peral, Humberto Poblete-Bustamante, Stefan Rinck, David Roth, Ken Sortais and Lolo &amp; Sosaku.</p>

<!-- This site is optimized with the Yoast SEO plugin v27.0 - https://yoast.com/product/yoast-seo-wordpress/ -->
<title>Galería Alegría - ArtBarcelona.</title>
<meta name="robots" content="index, follow, max-snippet:-1, max-image-preview:large, max-video-preview:-1" />
<link rel="canonical" href="https://www.artbarcelona.es/en/place/galeria-alegria/" />
<meta property="og:locale" content="en_US" />
<meta property="og:type" content="article" />
<meta property="og:title" content="Galería Alegría - ArtBarcelona." />
<meta property="og:description" content="Galería Alegría opened in Barcelona in 2011 as an exhibition project, far from the commercial circuits. Our first steps were guided by the sole desire to support and give visibility..." />
<meta property="og:url" content="https://www.artbarcelona.es/en/place/galeria-alegria/" />
<meta property="og:site_name" content="ArtBarcelona." />
<meta property="article:modified_time" content="2024-10-30T12:25:58+00:00" />
<meta property="og:image" content="http://www.artbarcelona.es/wp-content/uploads/2020/11/ArtBarcelona-galeria-alegria.jpg" />
	<meta property="og:image:width" content="1981" />
	<meta property="og:image:height" content="1321" />
	<meta property="og:image:type" content="image/jpeg" />
<meta name="twitter:card" content="summary_large_image" />
<meta name="twitter:label1" content="Est. reading time" />
	<meta name="twitter:data1" content="1 minute" />
<script type="application/ld+json" class="yoast-schema-graph">{"@context":"https://schema.org","@graph":[{"@type":"WebPage","@id":"https://www.artbarcelona.es/en/place/galeria-alegria/","url":"https://www.artbarcelona.es/en/place/galeria-alegria/","name":"Galería Alegría - ArtBarcelona.","isPartOf":{"@id":"https://www.artbarcelona.es/#website"},"primaryImageOfPage":{"@id":"https://www.artbarcelona.es/en/place/galeria-alegria/#primaryimage"},"image":{"@id":"https://www.artbarcelona.es/en/place/galeria-alegria/#primaryimage"},"thumbnailUrl":"https://www.artbarcelona.es/wp-content/uploads/2020/11/ArtBarcelona-galeria-alegria.jpg","datePublished":"2020-11-04T09:02:36+00:00","dateModified":"2024-10-30T12:25:58+00:00","breadcrumb":{"@id":"https://www.artbarcelona.es/en/place/galeria-alegria/#breadcrumb"},"inLanguage":"en-US","potentialAction":[{"@type":"ReadAction","target":["https://www.artbarcelona.es/en/place/galeria-alegria/"]}]},{"@type":"ImageObject","inLanguage":"en-US","@id":"https://www.artbarcelona.es/en/place/galeria-alegria/#primaryimage","url":"https://www.artbarcelona.es/wp-content/uploads/2020/11/ArtBarcelona-galeria-alegria.jpg","contentUrl":"https://www.artbarcelona.es/wp-content/uploads/2020/11/ArtBarcelona-galeria-alegria.jpg","width":1981,"height":1321,"caption":"ArtBarcelona galeria alegria barcelona"},{"@type":"BreadcrumbList","@id":"https://www.artbarcelona.es/en/place/galeria-alegria/#breadcrumb","itemListElement":[{"@type":"ListItem","position":1,"name":"Portada","item":"https://www.artbarcelona.es/en/"},{"@type":"ListItem","position":2,"name":"Galeries","item":"https://www.artbarcelona.es/espai/"},{"@type":"ListItem","position":3,"name":"Galería Alegría"}]},{"@type":"WebSite","@id":"https://www.artbarcelona.es/#website","url":"https://www.artbarcelona.es/","name":"ArtBarcelona.","description":"ArtBarcelona. Galeries. Descobrir, difondre, defensar l’art contemporani.","publisher":{"@id":"https://www.artbarcelona.es/#organization"},"potentialAction":[{"@type":"SearchAction","target":{"@type":"EntryPoint","urlTemplate":"https://www.artbarcelona.es/?s={search_term_string}"},"query-input":{"@type":"PropertyValueSpecification","valueRequired":true,"valueName":"search_term_string"}}],"inLanguage":"en-US"},{"@type":"Organization","@id":"https://www.artbarcelona.es/#organization","name":"ArtBarcelona.","url":"https://www.artbarcelona.es/","logo":{"@type":"ImageObject","inLanguage":"en-US","@id":"https://www.artbarcelona.es/#/schema/logo/image/","url":"https://www.artbarcelona.es/wp-content/uploads/2024/08/logo-artb.svg","contentUrl":"https://www.artbarcelona.es/wp-content/uploads/2024/08/logo-artb.svg","width":139,"height":51,"caption":"ArtBarcelona."},"image":{"@id":"https://www.artbarcelona.es/#/schema/logo/image/"}}]}</script>
<!-- / Yoast SEO plugin. -->

Galería Alegría - ArtBarcelona.

Galería Alegría opened in Barcelona in 2011 as an exhibition project, far from the commercial circuits. Our first steps were guided by the sole desire to support and give visibility...
